000101000010111010010
What is 111003323 (base 4) in base 7?
506336
Convert 3011000021 (base 4) to base 9.
1458788
10a461 (base 12) to base 9
445831
Convert 110110100001000011001 (base 2) to base 9.
3322421
-24330041 (base 6) to base 14
-161d8d
What is c43265 (base 13) in base 12?
1648718
1a12a4 (base 12) to base 7
3616150
2455002 (base 7) to base 15
63a83
394bb (base 16) to base 6
5010255
Convert 1000001110000010010 (base 2) to base 7.
2201135
-10001100100110000100 (base 2) to base 8
-2144604
What is -221005305 (base 6) in base 14?
-75397b
202110210 (base 3) to base 9
22423
Convert -210101212 (base 4) to base 3.
-21112211001
Convert -528803 (base 9) to base 10.
-314850
What is 11222201121121 (base 3) in base 7?
31353154
What is -20101001022 (base 3) in base 14?
-339cb
3132001001 (base 4) to base 8
3360101
What is 96285 (base 13) in base 12?
110786
-b3024 (base 16) to base 10
-733220
What is -2322112 (base 4) in base 11?
-8a62
What is ac75 (base 14) in base 15?
8cd0
Convert 1340743 (base 8) to base 16.
5c1e3
-120100211220 (base 3) to base 16
-49d58
-49834 (base 10) to base 15
-eb74
Convert 1048860 (base 12) to base 6.
150033400
What is -26d92 (base 15) in base 14?
-33574
1110001101010111111 (base 2) to base 15
92e4e
Convert 19580 (base 16) to base 5.
11310213
What is 112221212212 (base 3) in base 6?
10151035
What is -101000010100000010011001 (base 2) in base 9?
-21786306
-20975 (base 11) to base 3
-1112202220
Convert 20402324 (base 5) to base 3.
22120221120
Convert 10428006 (base 9) to base 3.
100110222000020
What is 2521354 (base 8) in base 6?
22535100
Convert -3bb9c (base 15) to base 6.
-4035050
-3122322032 (base 4) to base 8
-3327216
Convert 10240552 (base 6) to base 10.
300884
25180d (base 16) to base 2
1001010001100000001101
Convert 734b (base 13) to base 11.
10a8a
Convert -c2763b (base 13) to base 7.
-53332214
-800e83 (base 16) to base 2
-100000000000111010000011
21510330 (base 6) to base 12
2723a6
-5661906 (base 10) to base 8
-25462322
2031411 (base 5) to base 3
1200202102
-3212301323 (base 4) to base 8
-3466173
What is 213212320 (base 4) in base 6?
3251024
What is -cacffd (base 16) in base 6?
-1152514445
Convert 13347484 (base 9) to base 8.
31077512
Convert 72513 (base 9) to base 13.
189b1
What is -1439a (base 14) in base 15?
-ecb1
Convert -a1340 (base 15) to base 3.
-221221002020
-11d27 (base 14) to base 15
-ce63
Convert 2ca57f (base 16) to base 6.
142414023
Convert 333001322 (base 4) to base 12.
1054a2
What is -149932 (base 11) in base 3?
-102211020012
32123252 (base 6) to base 2
11100110100001110000
Convert -200101000112 (base 3) to base 10.
-361598
Convert 78c44 (base 13) to base 5.
24011322
Convert -75648 (base 11) to base 5.
-12004140
What is 1212b5 (base 16) in base 5?
300400222
Convert 6305050 (base 7) to base 4.
2321010301
-4103440011 (base 5) to base 12
-2926ba6
What is -1367830 (base 9) in base 6?
-24053300
Convert 73116 (base 13) to base 2.
110010011101110010
What is 6451183 (base 10) in base 4?
120212333233
Convert 128513 (base 12) to base 13.
a89c0
Convert -2466234 (base 8) to base 13.
-1abc51
What is -52d36 (base 14) in base 12?
-97a04
Convert 187004 (base 14) to base 2.
11010011000001101100
-415103052 (base 6) to base 13
-1666607
-326334 (base 11) to base 7
-4266300
What is -381811 (base 12) in base 10?
-915277
Convert -289bb3 (base 14) to base 12.
-57bb69
What is 3262420 (base 7) in base 3?
202102020211
-3246464 (base 9) to base 6
-101211221
-1123521 (base 6) to base 2
-1110001000001001
-1857335 (base 9) to base 5
-231321031
-202222011102 (base 3) to base 13
-115b29
-1141203 (base 8) to base 7
-2436305
Convert 234203043 (base 5) to base 10.
1084773
What is -4101041 (base 5) in base 4?
-100003223
-1707332 (base 12) to base 7
-55202222
59e26a (base 16) to base 14
ad4a5c
What is 17822175 (base 9) in base 10?
8990177
104422022 (base 5) to base 16
720c1
What is 1221043134 (base 5) in base 8?
13061761
201111333 (base 4) to base 14
37ab5
-11516155 (base 8) to base 13
-6a79b2
Convert -101100111010101110000 (base 2) to base 6.
-51314052
-102035414 (base 6) to base 13
-4a3401
What is -2135045 (base 6) in base 11?
-72781
-21444350 (base 6) to base 15
-cab63
Convert 6826 (base 12) to base 2.
10110100011110
What is e9185 (base 16) in base 10?
954757
What is 632abc (base 14) in base 11?
1988839
Convert -279547 (base 12) to base 9.
-1214151
What is 35102552 (base 6) in base 7?
12123041
Convert 1111111110010100000011 (base 2) to base 4.
33332110003
Convert 45615 (base 11) to base 3.
10100111000
Convert -4407662 (base 9) to base 8.
-11020165
Convert 45aa5 (base 13) to base 6.
2420114
Convert 34222532 (base 6) to base 4.
3333023120
What is -201555245 (base 6) in base 14?
-65c261
-3fc5f6 (base 16) to base 11
-23a5097
Convert -4ae8 (base 15) to base 10.
-15968
12d20 (base 16) to base 15
17c93
-2a2789a (base 12) to base 10
-8515126
Convert -10110001110111111101 (base 2) to base 8.
-2616775
What is -1110202122 (base 4) in base 8?
-1244232
What is 1021101020121 (base 3) in base 15?
d577a
-341044414 (base 5) to base 9
-2740781
51050322 (base 7) to base 14
7c7d12
59294 (base 12) to base 16
1d350
What is 57163 (base 9) in base 12?
1a026
4508694 (base 12) to base 6
1150552304
-8076649 (base 10) to base 2
-11110110011110101101001
Convert 7a551 (base 11) to base 16.
1c6ea
Convert -222034120 (base 5) to base 15.
-142b40
Convert -14114431404 (base 5) to base 2.
-1000101001000110011001011
What is 5276529 (base 10) in base 14?
9b4d0d
-169a783 (base 11) to base 16
-2c012c
-6a1215 (base 15) to base 4
-103110321221
What is -160216 (base 11) in base 13?
-8953b
Convert 10410232 (base 6) to base 2.
1001100010001101100
943181 (base 12) to base 16
238531
Convert -1027862 (base 9) to base 11.
-346557
Convert 1000110111011111110 (base 2) to base 13.
a2338
-100100010100111 (base 2) to base 9
-27455
What is -563563 (base 10) in base 14?
-109547
140608 (base 9) to base 7
505052
Convert abf35 (base 16) to base 5.
140014214
What is -446751 (base 11) in base 10?
-711657
131121001 (base 4) to base 14
31c2d
What is -110376 (base 10) in base 12?
-53a60
101100100100001011100 (base 2) to base 7
15261324
-3cb5c (base 13) to base 10
-113983
What is -143314 (base 6) in base 10?
-13726
Convert 14a9415 (base 11) to base 2.
1001110100100100111110
-100020011210122 (base 3) to base 8
-22553167
What is 3410000112 (base 5) in base 13?
17279b7
12111446 (base 7) to base 6
35041342
23c3a0 (base 13) to base 8
3206346
What is -11501343 (base 6) in base 7?
-3052353
Convert -2058a8 (base 12) to base 10.
-507584
-153a9a (base 11) to base 5
-30131233
What is 4222348 (base 9) in base 5?
1034234404
12ab908 (base 13) to base 7
100661621
What is 122000321 (base 5) in base 3?
1002101011020
73583a (base 12) to base 16
1bad6e
2332431343 (base 5) to base 6
310503100
Convert -121498 (base 13) to base 14.
-b3313
Convert -4ec831 (base 16) to base 13.
-10ba083
What is -324a91 (base 12) in base 2?
-11000010011100001101
What is 239486 (base 10) in base 11?
153a25
What is -2027375 (base 8) in base 13?
-15a162
Convert 1030042414 (base 5) to base 12.
89769b
What is -12110211000100 (base 3) in base 12?
-b83860
Convert -100223300123 (base 4) to base 13.
-ba18b6
b8a11 (base 14) to base 12
196487
-20022121 (base 5) to base 16
-2685a
14469 (base 16) to base 11
5743a
-12211110011 (base 3) to base 16
-1c05d
-121154 (base 12) to base 6
-10132544
What is 113033323 (base 4) in base 10?
95227
What is 4607002 (base 8) in base 9?
2312882
What is 38b16 (base 16) in base 12?
b2472
1d50231 (base 14) to base 11
833a739
Convert 324114 (base 8) to base 6.
2154512
What is 217a6 (base 15) in base 16?
19f74
Convert -11035364 (base 7) to base 5.
-220402203
What is 14505360 (base 7) in base 6?
45325130
Convert 4079a0 (base 16) to base 5.
2040203230
104455523 (base 6) to base 5
441430344
Convert 1120301 (base 4) to base 3.
21210102
Convert 1c979 (base 15) to base 9.
151836
What is 1101001010111100100011 (base 2) in base 8?
15127443
What is 32200524 (base 6) in base 5?
220330433
-4330000104 (base 5) to base 3
-122100100210021
Convert -1060575 (base 8) to base 14.
-768b3
-651140 (base 7) to base 8
-335163
What is 103121 (base 7) in base 8?
42754
-164bc8b (base 13) to base 10
-7195121
What is 162030 (base 9) in base 10?
99900
Conv